)
4
What is (2 - (0 - 1)) + (-15 - -17)?
5
What is (1 - 0) + 2 + (-63 - -56)?
-4
Evaluate 3 + -2 + (-2 - -3) + 3.
5
What is (2 - 3) + 6 - 3?
2
What is the value of 0 - (-5 + 7 + -1)?
-1
-3 + (1 - (-1 + -4) - 3)
0
(2 - 1) + (1 - -3) + -4
1
What is -3 + 4 + 2 + -4 - -6?
5
What is the value of -17 + 11 - (2 + (4 - 8))?
-4
What is the value of -16 + 5 + -2 - -10?
-3
What is the value of (-3 - -1) + 18 + -20?
-4
Calculate -8 + 8 - (-1 + 1).
0
Evaluate (-2 + 4 - 3) + (-1 - -2).
0
What is (4 - 0) + -9 - 3?
-8
(14 - 19) + (3 - -1)
-1
What is the value of 5 - ((-1 - -2 - 1) + 3)?
2
Calculate -5 + -26 + 22 - (-6 - 0).
-3
Calculate (11 - 13) + -1 + 4 + -3.
-2
What is -10 - (2 + (-6 - 0))?
-6
Calculate 10 - ((-8 - 0) + 26).
-8
Evaluate -13 + 19 - (5 - -1).
0
What is 5 - (3 + 1) - 6?
-5
What is the value of (-1 + 1 - -1) + (19 - 25)?
-5
What is the value of 1 + -6 + 4 - 0?
-1
What is -2 + 0 + (-9 - -9)?
-2
Evaluate (-6 - (3 - 3)) + 3.
-3
6 - (4 + (0 - 6 - -4))
4
Calculate 4 + (-15 - -8) - -9.
6
What is -3 - (2 + -2 + -5)?
2
What is -9 + 1 + 1 - -2?
-5
-3 + (-8 - -4 - -5)
-2
What is (-2 - (-7 - -1)) + (-187 - -192)?
9
What is the value of 7 + 4 + -6 + -13 - -1?
-7
Evaluate 1 + 0 - (0 + -2).
3
What is the value of 4 + (5 - (8 - 2 - -5))?
-2
What is the value of -4 - -7 - (6 + -2 + 4)?
-5
Calculate -5 - (3 + (-8 - -4) - 3).
-1
Evaluate 7 - (0 + (-1 - -4)).
4
What is the value of -3 + (-6 - -19) + -5 - 1?
4
What is 14 + (-2 - 10) + -1 + 1?
2
What is 6 - (-2 + -3 + 8)?
3
(9 - (-11 + 10)) + -17
-7
Evaluate 3 + -7 + 4 + -3.
-3
What is the value of -5 + (4 - -14) + -6?
7
Evaluate (-4 - 0 - -8 - 4) + -4.
-4
What is 39 + -33 + (0 - 5)?
1
Evaluate -6 - (-13 + -4 + 6 - -5).
0
What is -13 - (-23 + (7 - -5))?
-2
Calculate 1 - (-2 - (-8 - -10)).
5
-2 + (4 - 3) + 7
6
Evaluate 3 - 2 - (0 + 4).
-3
Calculate (4 + -14 - -9) + -2.
-3
Evaluate -4 - (-14 - (-2 + -4)).
4
What is the value of -4 + 5 + -3 + 4 - -1?
3
What is the value of -7 + 3 + -2 + 3 + 8?
5
Calculate (2 - (2 - 1)) + -3.
-2
Evaluate -5 + (-1 - (-9 + 1)).
2
Evaluate (-2 - 2) + (-4 - -7) + -4.
-5
Evaluate 7 + -25 + 6 - (4 - 9).
-7
Calculate 4 + (9 - 19) + 0.
-6
What is 0 + ((4 - 4) + 3 - 1)?
2
Calculate 2 + (1 - -4) + -3.
4
What is the value of (2 - 0) + -12 + 9 - 0?
-1
Evaluate 1 + 4 + (-14 - -7) + 3.
1
What is 1 + (5 - 6) + -1 + -1?
-2
What is (-14 - 3) + 3 + 3?
-11
(7 - (7 + 6)) + 1
-5
What is -9 + (11 - (-3 + 3) - 6)?
-4
1 - (9 + -6) - (2 + -1)
-3
Evaluate 36 + -36 + 6 + -1.
5
Evaluate 1 - -4 - (0 + 2).
3
-5 - (-8 - -6) - (-4 + 0)
1
Evaluate -4 - (3 + (-7 - -5)).
-5
Calculate (-2 + 4 - 3) + 5.
4
Calculate -3 - (0 + 0 + 2).
-5
What is 6 - 0 - 1 - (-4 - -1)?
8
6 - (-1 - (-6 - 0))
1
What is the value of -4 - (-11 + 5) - (4 - 0)?
-2
What is the value of -2 - -7 - (-3 + -2) - 5?
5
What is 58 + -48 + -5 + 1?
6
What is 8 - (3 + 0 + (-8 - -12))?
1
What is the value of (-4 - -4) + -5 + (3 - 8)?
-10
What is the value of (-6 - -5 - -5) + -9 + -2?
-7
What is the value of -9 + 1 + 0 + -2 + 5?
-5
-1 + 1 + (1 - 4)
-3
What is the value of 0 - -14 - (12 + -4)?
6
What is the value of 0 - (4 + 2) - (-1 - 2)?
-3
Calculate -2 + (-7 - (-12 - -5)).
-2
1 + 1 + 7 + -9
0
What is the value of 4 - ((4 - 2) + -3)?
5
Calculate -15 - -8 - -3 - -5.
1
4 + -1 + -3 + 2
2
What is the value of (-12 - -18) + -12 + 2?
-4
Calculate 2 - ((-1 - 0) + 1 - -3).
-1
What is the value of (12 - 3) + 1 - 13?
-3
Evaluate 0 - -6 - (9 + 0).
-3
What is -4 + (1 - 1 - (-2 - -1))?
-3
What is the value of 9 + (-21 - -4) - -8?
0
-1 - ((-4 - -1) + (3 - 3))
2
Calculate 1 + 1 + (1 - 0).
3
Calculate -6 - (4 - 0) - -5 - -3.
-2
What is (-13 - -10) + -1 + (3 - 1)?
-2
Evaluate -9 + (5 - 0 - 0).
-4
What is the value of (4 - (4 + 3)) + 13?
10
Calculate (-12 - -10) + 10 - 7.
1
-2 + 8 + -18 + (11 - 5)
-6
What is the value of (24 + -14 - 7) + -3?
0
What is the value of 1 - 6 - (3 - (3 - -1))?
-4
What is -11 + (-7 - -9 - -4)?
-5
What is the value of (-9 - -8 - 4) + (-2 - -2)?
-5
Calculate 4 + -4 + 4 - -1.
5
What is the value of (-16 - (10 + -17)) + 12?
3
Calculate -2 + (2 + -9 - -2 - -2).
-5
Calculate 0 + -3 + 3 + -2.
-2
Evaluate 3 + -8 + (8 - 5).
-2
Calculate -4 + -5 + 3 + 4.
-2
Evaluate -1 - 5 - (0 + 1) - -2.
-5
What is 1 + (-7 - (3 - 5))?
-4
(4 + -1 - -1 - 1) + 0
3
What is (-5 + 4 - 2) + 4 + 3?
4
Calculate 12 + (-20 - -6 - -8).
6
What is 25 - (46 + -21) - (0 + 7)?
-7
Evaluate 2 + (5 - 7) + -2 + 3.
1
Calculate 0 - 4 - -3 - (-5 + 6).
-2
1 + (18 - 12 - (0 + 8))
-1
What is (17 - 11 - 2) + 1?
5
(-6 - 1) + -65 + 69
-3
What is the value of -1 + 2 - (11 + -14)?
4
What is the value of (-8 - (-1 - 9)) + -1?
1
Calculate (4 - (4 + -5)) + -1 - -1.
5
What is the value of -10 + 7 + 8 + -8 - -3?
0
What is -3 + 23 - (66 - 54)?
8
What is the value of 5 + (-2 + 6 - 12)?
-3
Evaluate -9 + -1 + 10 - -4.
4
What is the value of (-2 - -3) + 2 - (8 + -2)?
-3
1 - -3 - 1 - 2
1
What is -5 - 1 - (-3 - (14 - 15))?
-4
4 + (0 - ((6 - 12) + 8))
2
Evaluate -5 + (-5 - -3) + 0.
-7
Calculate 5 - (2 - (0 + -2) - -4).
-3
Evaluate 9 - ((9 + -5 - -1) + 0).
4
What is the value of (-1 - -1) + 0 + 2?
2
Evaluate -2 + 2 + 32 + -37.
-5
What is 4 + 0 + 6 + -8?
2
Calculate 7 + (-4 - 4) + 6.
5
-16 + 9 + 10 - (-6 - -2)
7
Evaluate 3 + 0 + -2 + -2 + 6.
5
Calculate (4 - (3 - -5)) + 3.
-1
Calculate -8 + -5 + 7 - -2.
-4
Evaluate -4 + 10 + (-5 - 2).
-1
Evaluate 3 + -2 - (10 - 4) - 0.
-5
What is -3 + 5 + -3 + 4 + 2?
5
-5 - (-2 - 1) - 3
-5
What is the value of (1 - (-1 + 7)) + 1?
-4
Evaluate 3 - (-4 + 0 + 4).
3
Calculate -2 - (-5 - -5) - -2 - -2.
2
-6 - (5 - (6 - 1))
-6
What is -1 + (5 - (-3 - -3) - 2)?
2
What is the value of 8 - -2 - (-1 + 8)?
3
What is (6 - 4) + -15 + 15?
2
What is 13 + -14 - (0 - -1)?
-2
What is 2 - (5 - 4) - (-3 + 6)?
-2
Evaluate -4 + (-3 - (2 + -4)).
-5
-4 + 3 - (-4 - (2 - 3))
2
What is -2 + -1 + 2 - (0 + -1)?
0
What is -2 - (10 - (0 - -8)) - 4?
-8
What is 7 + 1 - 15 - (-7 + -4)?
4
What is 2 + 1 + -1 + 1?
3
Evaluate 10 + (3 - (11 - (7 - 4))).
5
What is -4 - (0 - (-2 + 2))?
-4
Evaluate -3 + (2 + -1 - -2 - 1).
-1
Calculate 7 + (-4 - 10) + 7.
0
Evaluate -6 - ((6 - 0) + -6) - -2.
-4
-2 - (-3 + 3 + (-1 - -2))
-3
What is (-8 + -3 - -1) + 4 + 1?
-5
What is the value of -1 + (7 - (-7 + 10))?
3
What is -5 - -5 - (-7 - -2)?
5
What is -5 - (1 + (1 - -4) - 6)?
-5
3 + (-2 + -3 - -3) - 2
-1
-1 + 0 + -5 + 3 + 11
8
(12 - 10) + -5 + 1
-2
Calculate 2 + -3 + 4 + -5.
-2
Evaluate 8 + -7 - (5 - 2).
-2
What is the value of -2 - -9 - (24 - 24) - 9?
-2
Calculate 5 - (4 - 4) - 5.
0
Calculate (-3 - 1) + 8 + -7 + 2.
-1
Evaluate 3 - ((-4 - -3) + 4).
0
Calculate 2 - (1 - (-1 - -4)) - -6.
10
(-85 - -89) + (1 - -4)
9
What is the value of 7 + (-4 - (-7 + 11))?
-1
0 + -1 - (-2 - -6)
-5
Evaluate (-4 + 3 - 0) + 1 + -1.
-1
Calculate -2 - (3 + 0 + 0).
-5
What is -4 + 0 - (-7 - (-9 - -4))?
-2
3 + (2 - 4 - -3)
4
Calculate -16 + 12 + (0 - -4).
0
What is the value of 6 + (-2 + 8 - 4) + -6?
2
What is 4 + (4 + -8 - -5)?
5
0 + -2 + 2 - (-42 + 38)
4
Evaluate 9 + 14 + -25 + 11.
9
Calculate (1 - 4) + (-34 - -34).
-3
Calculate -8 + 13 + -2 + (4 - 7).
0
Evaluate -2 + 0 + (5 - 6).
-3
0 + 1 - (-15 - -9)
7
7 + -7 + -3 + -1
-4
-5 + 5 + (-5 - -7)
2
What is (0 + -4 - -2) + (-4 - -1)?
-5
What is -1 - (-3 - -6 - (1 - 3))?
-6
Evaluate 0 + 4 - (-1 - (-1 + 4)).
8
Calculate 4 + (-10 - (1 - 0 - 5)).
-2
What is 6 - -3 - 7 - 6?
-4
Evaluate (19 - (-8 - -11)) + -6.
10
What is (2 - -5) + (-1 - 10)?
-4
What is the value of -3 - (-3 + (-2 - -6))?
-4
What is the value of -2 - ((-2 - 0) + -3)?
3
Evaluate -2 - (8 + -4 - 2).
-4
(-1 - 0) + (1 - 5)
-5
2 + -3 + (0 - -1)
0
Calculate (-3 + 1 - -1) + -3 + 6.
2
Calculate 2 + 2 + 3 - 2.
5
Evaluate 1 - (-2 + (2 - (3 + 0))).
4
What is (-1 - (0 + 3)) + 5 - 0?
1
Evaluate -6 - (2 + (1 - (2 - 2))).
-9
Calculate (3 - -16) + -10 + -16.
-7
Calculate 1 + 2 - (-3 + (-1 - -2)).
5
(-4 - (-3 + 1) - -1) + 1
0
What is -4 + 2 + -1 + 3 + 1?
1
Calculate -1 - (-8 - (-5 - (3 + -4))).
3
Evaluate -8 + 6 + 1 + 0 + 1.
0
What is the value of 14 - (6 + (-2 - -4) - 2)?
8
What is -5 + (-1 - (-2 + 0))?
-4
What is 2 - 0 - -1 - (24 + -24)?
3
What is the value of -5 + 7 + -5 - 0?
-3
Evaluate -8 - -3 - (-6 + -5).
6
What is -4 + (2 - (10 - 3))?
-9
Calculate 5 - (13 - (21 + -13)).
0
(-11 - (3 + -8)) + 2 - 1
-5
Calculate (6 - -1) + -5 - 0.
2
What is the value of (-11 - (-2 - 3))